s of 45331?
11, 13, 317
What are the prime factors of 56415?
3, 5, 3761
What are the prime factors of 14723?
14723
List the prime factors of 27609.
3, 9203
What are the prime factors of 6152?
2, 769
What are the prime factors of 111855?
3, 5, 7457
List the prime factors of 1994.
2, 997
What are the prime factors of 4969?
4969
List the prime factors of 86906.
2, 19, 2287
What are the prime factors of 19794?
2, 3, 3299
What are the prime factors of 78363?
3, 8707
List the prime factors of 16824.
2, 3, 701
List the prime factors of 2659.
2659
List the prime factors of 1443.
3, 13, 37
What are the prime factors of 17727?
3, 19, 311
List the prime factors of 3013.
23, 131
List the prime factors of 352.
2, 11
List the prime factors of 2537.
43, 59
What are the prime factors of 1077?
3, 359
List the prime factors of 1577.
19, 83
What are the prime factors of 3559?
3559
What are the prime factors of 3822?
2, 3, 7, 13
List the prime factors of 497.
7, 71
List the prime factors of 1943.
29, 67
What are the prime factors of 110?
2, 5, 11
List the prime factors of 21666.
2, 3, 23, 157
What are the prime factors of 16622?
2, 8311
What are the prime factors of 56229?
3, 18743
What are the prime factors of 133089?
3, 11, 37, 109
What are the prime factors of 1088?
2, 17
What are the prime factors of 1706?
2, 853
What are the prime factors of 1397?
11, 127
What are the prime factors of 8305?
5, 11, 151
List the prime factors of 7304.
2, 11, 83
List the prime factors of 13933.
13933
What are the prime factors of 174593?
23, 7591
List the prime factors of 41090.
2, 5, 7, 587
What are the prime factors of 17732?
2, 11, 13, 31
List the prime factors of 812.
2, 7, 29
List the prime factors of 8539.
8539
List the prime factors of 1017.
3, 113
What are the prime factors of 281?
281
What are the prime factors of 14965?
5, 41, 73
What are the prime factors of 62336?
2, 487
What are the prime factors of 2463?
3, 821
What are the prime factors of 768?
2, 3
List the prime factors of 3065.
5, 613
What are the prime factors of 8068?
2, 2017
List the prime factors of 47484.
2, 3, 1319
What are the prime factors of 11909?
11909
List the prime factors of 133665.
3, 5, 7, 19, 67
What are the prime factors of 27739?
27739
List the prime factors of 83711.
97, 863
What are the prime factors of 12271?
7, 1753
List the prime factors of 92402.
2, 47, 983
List the prime factors of 138441.
3, 46147
What are the prime factors of 10779?
3, 3593
List the prime factors of 19578.
2, 3, 13, 251
List the prime factors of 2759.
31, 89
List the prime factors of 5913.
3, 73
List the prime factors of 97167.
3, 7, 661
What are the prime factors of 32461?
11, 13, 227
List the prime factors of 5495.
5, 7, 157
List the prime factors of 784.
2, 7
What are the prime factors of 462?
2, 3, 7, 11
List the prime factors of 3746.
2, 1873
List the prime factors of 4371.
3, 31, 47
List the prime factors of 69201.
3, 11, 233
List the prime factors of 37767.
3, 12589
List the prime factors of 2774.
2, 19, 73
List the prime factors of 784.
2, 7
What are the prime factors of 7322?
2, 7, 523
What are the prime factors of 15322?
2, 47, 163
List the prime factors of 8243.
8243
What are the prime factors of 125816?
2, 15727
What are the prime factors of 183?
3, 61
What are the prime factors of 16990?
2, 5, 1699
List the prime factors of 12518.
2, 11, 569
What are the prime factors of 88624?
2, 29, 191
What are the prime factors of 114446?
2, 57223
List the prime factors of 11720.
2, 5, 293
What are the prime factors of 7887?
3, 11, 239
List the prime factors of 133.
7, 19
What are the prime factors of 553?
7, 79
List the prime factors of 168.
2, 3, 7
List the prime factors of 6905.
5, 1381
What are the prime factors of 103768?
2, 7, 17, 109
What are the prime factors of 153?
3, 17
List the prime factors of 23101.
13, 1777
List the prime factors of 657.
3, 73
What are the prime factors of 1757?
7, 251
What are the prime factors of 7120?
2, 5, 89
List the prime factors of 34882.
2, 107, 163
List the prime factors of 73537.
151, 487
What are the prime factors of 62350?
2, 5, 29, 43
List the prime factors of 6434.
2, 3217
List the prime factors of 707.
7, 101
List the prime factors of 6410.
2, 5, 641
List the prime factors of 3925.
5, 157
List the prime factors of 98873.
98873
What are the prime factors of 52350?
2, 3, 5, 349
What are the prime factors of 3351?
3, 1117
List the prime factors of 723.
3, 241
List the prime factors of 2967.
3, 23, 43
List the prime factors of 59343.
3, 131, 151
List the prime factors of 258.
2, 3, 43
What are the prime factors of 484?
2, 11
List the prime factors of 2729.
2729
What are the prime factors of 544?
2, 17
List the prime factors of 3332.
2, 7, 17
What are the prime factors of 17165?
5, 3433
What are the prime factors of 1252?
2, 313
List the prime factors of 1283.
1283
List the prime factors of 3396.
2, 3, 283
List the prime factors of 13071.
3, 4357
List the prime factors of 1926.
2, 3, 107
What are the prime factors of 5502?
2, 3, 7, 131
What are the prime factors of 36424?
2, 29, 157
What are the prime factors of 4810?
2, 5, 13, 37
List the prime factors of 2648.
2, 331
What are the prime factors of 1911?
3, 7, 13
What are the prime factors of 2245?
5, 449
What are the prime factors of 1542?
2, 3, 257
List the prime factors of 2220.
2, 3, 5, 37
List the prime factors of 4718.
2, 7, 337
List the prime factors of 112127.
31, 3617
List the prime factors of 53696.
2, 839
What are the prime factors of 14860?
2, 5, 743
What are the prime factors of 553?
7, 79
What are the prime factors of 1649?
17, 97
What are the prime factors of 2586?
2, 3, 431
What are the prime factors of 965?
5, 193
What are the prime factors of 27936?
2, 3, 97
What are the prime factors of 4205?
5, 29
List the prime factors of 55758.
2, 3, 9293
List the prime factors of 17694.
2, 3, 983
What are the prime factors of 1582?
2, 7, 113
List the prime factors of 2043.
3, 227
What are the prime factors of 8877?
3, 11, 269
What are the prime factors of 7256?
2, 907
List the prime factors of 5334.
2, 3, 7, 127
List the prime factors of 1891.
31, 61
List the prime factors of 40985.
5, 7, 1171
List the prime factors of 2277.
3, 11, 23
List the prime factors of 18163.
41, 443
List the prime factors of 12176.
2, 761
List the prime factors of 10755.
3, 5, 239
What are the prime factors of 1363?
29, 47
What are the prime factors of 985?
5, 197
List the prime factors of 1137.
3, 379
List the prime factors of 20437.
107, 191
What are the prime factors of 7930?
2, 5, 13, 61
What are the prime factors of 5135?
5, 13, 79
List the prime factors of 6307.
7, 17, 53
List the prime factors of 299.
13, 23
What are the prime factors of 420?
2, 3, 5, 7
List the prime factors of 29109.
3, 31, 313
List the prime factors of 3941.
7, 563
List the prime factors of 15149.
15149
List the prime factors of 15014.
2, 7507
What are the prime factors of 37362?
2, 3, 13, 479
What are the prime factors of 8874?
2, 3, 17, 29
List the prime factors of 42065.
5, 47, 179
List the prime factors of 43801.
43801
What are the prime factors of 1072?
2, 67
What are the prime factors of 1511?
1511
What are the prime factors of 975?
3, 5, 13
List the prime factors of 23065.
5, 7, 659
What are the prime factors of 5997?
3, 1999
List the prime factors of 4183.
47, 89
List the prime factors of 17607.
3, 5869
List the prime factors of 6150.
2, 3, 5, 41
List the prime factors of 5207.
41, 127
What are the prime factors of 58882?
2, 59, 499
What are the prime factors of 606?
2, 3, 101
What are the prime factors of 80892?
2, 3, 7, 107
List the prime factors of 3927.
3, 7, 11, 17
List the prime factors of 123.
3, 41
List the prime factors of 6756.
2, 3, 563
What are the prime factors of 62605?
5, 19, 659
List the prime factors of 1126.
2, 563
What are the prime factors of 5056?
2, 79
List the prime factors of 53253.
3, 61, 97
What are the prime factors of 8067?
3, 2689
What are the prime factors of 7813?
13, 601
List the prime factors of 2756.
2, 13, 53
List the prime factors of 4758.
2, 3, 13, 61
What are the prime factors of 730?
2, 5, 73
What are the prime factors of 1211?
7, 173
What are the prime factors of 12106?
2, 6053
What are the prime factors of 7308?
2